divided by 87.
4
Calculate the remainder when 1968548 is divided by 64.
36
What is the remainder when 1303162 is divided by 28?
14
What is the remainder when 2477898 is divided by 304?
298
Calculate the remainder when 109048860 is divided by 3927.
3924
Calculate the remainder when 169828198 is divided by 90.
88
Calculate the remainder when 1202979 is divided by 601447.
85
What is the remainder when 915303 is divided by 4717?
205
What is the remainder when 329778 is divided by 23551?
64
What is the remainder when 52694 is divided by 8438?
2066
What is the remainder when 3182691 is divided by 606?
585
Calculate the remainder when 1681497 is divided by 12639.
510
What is the remainder when 119100672 is divided by 374?
372
What is the remainder when 68489 is divided by 1544?
553
Calculate the remainder when 12408757 is divided by 2276.
5
What is the remainder when 3727315 is divided by 403?
371
Calculate the remainder when 1469830075 is divided by 27.
25
Calculate the remainder when 2564059845 is divided by 1519.
1516
Calculate the remainder when 62584 is divided by 1314.
826
Calculate the remainder when 915326 is divided by 15.
11
What is the remainder when 720411 is divided by 1570?
1351
What is the remainder when 38225 is divided by 18350?
1525
Calculate the remainder when 1475387 is divided by 210758.
81
What is the remainder when 1949558 is divided by 1371?
1367
Calculate the remainder when 17683 is divided by 5461.
1300
Calculate the remainder when 60830 is divided by 3572.
106
Calculate the remainder when 176741311 is divided by 121.
120
What is the remainder when 12959069 is divided by 4319682?
23
Calculate the remainder when 273503 is divided by 1647.
101
Calculate the remainder when 283130 is divided by 8087.
85
What is the remainder when 40716 is divided by 5443?
2615
What is the remainder when 1814927 is divided by 139584?
335
Calculate the remainder when 16977480 is divided by 3793.
12
Calculate the remainder when 63611369 is divided by 127.
117
What is the remainder when 54530130 is divided by 110?
50
What is the remainder when 1655161 is divided by 1655149?
12
What is the remainder when 150718301 is divided by 16?
13
Calculate the remainder when 71938 is divided by 5548.
5362
Calculate the remainder when 477623201 is divided by 6594.
6593
What is the remainder when 568838 is divided by 40?
38
Calculate the remainder when 99092372 is divided by 139.
106
What is the remainder when 2929484 is divided by 58?
20
Calculate the remainder when 83160 is divided by 27573.
441
What is the remainder when 2062470 is divided by 8217?
3
What is the remainder when 2359813 is divided by 97?
94
What is the remainder when 10532773 is divided by 27007?
43
Calculate the remainder when 5815576 is divided by 4.
0
What is the remainder when 2768394 is divided by 26?
18
What is the remainder when 3590778 is divided by 6045?
48
Calculate the remainder when 52721851 is divided by 72.
67
What is the remainder when 39390741 is divided by 601?
600
What is the remainder when 366827 is divided by 1334?
1311
Calculate the remainder when 148252 is divided by 3087.
76
Calculate the remainder when 8216491 is divided by 329.
45
Calculate the remainder when 563215 is divided by 958.
869
Calculate the remainder when 87632636 is divided by 160.
156
What is the remainder when 13189164 is divided by 38009?
41
Calculate the remainder when 1867108 is divided by 12973.
11969
What is the remainder when 689134 is divided by 16407?
40
What is the remainder when 67280 is divided by 2332?
1984
Calculate the remainder when 149909487 is divided by 8818204.
19
Calculate the remainder when 342027 is divided by 5014.
1075
What is the remainder when 4549299 is divided by 413566?
73
Calculate the remainder when 28906 is divided by 8275.
4081
Calculate the remainder when 89038 is divided by 2698.
4
Calculate the remainder when 6311346 is divided by 394459.
2
Calculate the remainder when 11222397 is divided by 6472.
6421
What is the remainder when 713118 is divided by 12?
6
What is the remainder when 9678724 is divided by 396?
88
What is the remainder when 73022 is divided by 72845?
177
Calculate the remainder when 550568 is divided by 1366.
70
What is the remainder when 657034 is divided by 218982?
88
What is the remainder when 22326 is divided by 19846?
2480
What is the remainder when 15539276 is divided by 437?
430
What is the remainder when 196340505 is divided by 8887?
14
Calculate the remainder when 301849 is divided by 121.
75
What is the remainder when 396580 is divided by 4835?
110
What is the remainder when 2452364 is divided by 490467?
29
What is the remainder when 32816 is divided by 9160?
5336
Calculate the remainder when 1841946 is divided by 26313.
36
What is the remainder when 290214 is divided by 3?
0
Calculate the remainder when 21562469 is divided by 743533.
12
What is the remainder when 8691773 is divided by 194?
185
What is the remainder when 98797 is divided by 672?
13
Calculate the remainder when 40209057 is divided by 10.
7
Calculate the remainder when 6062956 is divided by 3031440.
76
What is the remainder when 557137 is divided by 139282?
9
What is the remainder when 10307201 is divided by 276?
257
Calculate the remainder when 47494971 is divided by 8797.
8765
Calculate the remainder when 115668 is divided by 23110.
118
What is the remainder when 6640647 is divided by 46?
41
Calculate the remainder when 198325291 is divided by 117.
112
Calculate the remainder when 92083 is divided by 4604.
3
What is the remainder when 576335 is divided by 14400?
335
What is the remainder when 731963 is divided by 154?
1
Calculate the remainder when 1556231 is divided by 433.
29
Calculate the remainder when 572097 is divided by 54.
21
Calculate the remainder when 104001 is divided by 338.
235
Calculate the remainder when 1135356 is divided by 401.
125
What is the remainder when 5371302 is divided by 413176?
14
Calculate the remainder when 837722 is divided by 621.
614
Calculate the remainder when 71816 is divided by 5066.
892
What is the remainder when 104759 is divided by 20919?
164
What is the remainder when 11736811 is divided by 376?
347
What is the remainder when 333298 is divided by 1383?
1378
What is the remainder when 5408 is divided by 2648?
112
What is the remainder when 58459 is divided by 9468?
1651
What is the remainder when 86530567 is divided by 75?
67
Calculate the remainder when 5923136 is divided by 1184625.
11
Calculate the remainder when 27295537 is divided by 4.
1
What is the remainder when 383068 is divided by 127647?
127
Calculate the remainder when 177214287 is divided by 1581.
1578
Calculate the remainder when 1482993 is divided by 1619.
1608
What is the remainder when 696907 is divided by 847?
673
Calculate the remainder when 272064 is divided by 1610.
1584
What is the remainder when 612175 is divided by 50986?
343
Calculate the remainder when 13496 is divided by 4391.
323
What is the remainder when 393324 is divided by 39308?
244
What is the remainder when 181821365 is divided by 39?
11
Calculate the remainder when 8433 is divided by 2572.
717
Calculate the remainder when 91593790 is divided by 96.
94
What is the remainder when 1386569 is divided by 2538?
821
What is the remainder when 92425945 is divided by 39?
1
Calculate the remainder when 147937 is divided by 73964.
9
What is the remainder when 281472 is divided by 1825?
422
What is the remainder when 77491 is divided by 2583?
1
What is the remainder when 17251 is divided by 70?
31
What is the remainder when 42833 is divided by 285?
83
Calculate the remainder when 306049 is divided by 50974.
205
Calculate the remainder when 1020609 is divided by 113377.
216
What is the remainder when 32251675 is divided by 10?
5
Calculate the remainder when 91637 is divided by 2701.
2504
What is the remainder when 4172865 is divided by 7?
4
What is the remainder when 9737287 is divided by 33?
10
What is the remainder when 1958344 is divided by 1661?
25
What is the remainder when 245417560 is divided by 117?
115
Calculate the remainder when 58237 is divided by 93.
19
Calculate the remainder when 2183362 is divided by 1043.
363
Calculate the remainder when 612933 is divided by 92.
29
Calculate the remainder when 154